70726 (base 8) to base 16
171d6
-22126541 (base 7) to base 3
-10120211222122
Convert 305169 (base 10) to base 12.
128729
Convert -10100101001000101 (base 2) to base 14.
-22b53
What is 74099 (base 10) in base 5?
4332344
Convert -11011010001000011 (base 2) to base 10.
-111683
Convert -3545503 (base 11) to base 5.
-3040421030
Convert 19b8c (base 16) to base 5.
11332411
What is -1570881 (base 10) in base 14?
-2cc69b
d982 (base 15) to base 8
131706
573000 (base 9) to base 5
41441414
Convert -9785414 (base 10) to base 11.
-5583a21
-22413131 (base 5) to base 13
-70679
What is -14131134 (base 7) in base 11?
-820727
Convert -5b27b5 (base 16) to base 9.
-12214632
6044 (base 12) to base 3
112021221
Convert -111100101100011111 (base 2) to base 9.
-418020
-75515 (base 9) to base 16
-c347
Convert -286860 (base 11) to base 2.
-1101101011011111010
What is -13351248 (base 9) in base 5?
-3141310204
What is 5399548 (base 11) in base 5?
4412012423
What is -2311123313 (base 4) in base 14?
-154b8b
What is 110001101011001001 (base 2) in base 6?
4205545
402143153 (base 6) to base 9
13752676
What is 10030002 (base 9) in base 3?
100001000000002
What is 42223033 (base 6) in base 10?
1231869
What is -25305 (base 13) in base 3?
-10111010110
247454 (base 8) to base 4
110330230
128a269 (base 11) to base 6
115402122
What is -3503293 (base 10) in base 5?
-1344101133
303003132 (base 4) to base 12
a1026
Convert 72082 (base 9) to base 5.
3004314
-131545 (base 11) to base 9
-344804
What is -14d7e4 (base 15) in base 5?
-224220124
Convert -10110100100000010 (base 2) to base 5.
-10424133
Convert -12101122121 (base 4) to base 7.
-16655354
What is 1623050 (base 8) in base 5?
104443040
Convert 1012332121 (base 4) to base 15.
5b20d
-22125 (base 9) to base 11
-1003a
Convert -cb44 (base 15) to base 10.
-43039
What is 12162140 (base 7) in base 4?
10022110001
201032221 (base 4) to base 7
1104544
Convert 517193 (base 14) to base 13.
7524b0
3225320 (base 6) to base 15
3230c
Convert -51440432 (base 6) to base 15.
-1e4528
-3026205 (base 9) to base 6
-54314522
Convert 152513 (base 7) to base 14.
abb3
262670 (base 8) to base 15
1c201
120331 (base 4) to base 14
821
-5199173 (base 10) to base 3
-100210010220222
12113011130 (base 4) to base 12
684b38
Convert -12536523 (base 9) to base 16.
-5e144b
Convert -103140 (base 6) to base 2.
-10000100100100
What is 1221332300 (base 4) in base 15?
8894b
-83ab5 (base 12) to base 9
-282742
Convert 22121230 (base 4) to base 12.
207a4
2211032 (base 6) to base 5
12013041
Convert 726740 (base 8) to base 9.
406671
-61620 (base 7) to base 4
-3223101
Convert -2242202 (base 5) to base 4.
-21311232
What is -211451012 (base 6) in base 2?
-1110001101000101110000
What is 14506 (base 13) in base 14?
dcc8
Convert -1a5568 (base 16) to base 4.
-12211111220
Convert 242490 (base 13) to base 6.
30250453
Convert a887 (base 12) to base 3.
221102111
Convert -1311300403 (base 5) to base 11.
-1905463
What is 1123011 (base 6) in base 9?
87107
What is -57026452 (base 8) in base 7?
-206552213
-17cc4 (base 16) to base 14
-27748
-34605316 (base 7) to base 6
-145124154
1351106 (base 8) to base 15
78090
Convert -40301143 (base 6) to base 14.
-21a95d
What is 20020212122 (base 3) in base 8?
360346
-632131 (base 7) to base 2
-11010100100000010
What is 4383877 (base 9) in base 8?
10776040
-353003422 (base 6) to base 15
-89e652
7d14d7 (base 15) to base 13
1314118
-6dba4b (base 14) to base 6
-212320431
Convert 1113346 (base 7) to base 16.
21b53
2111213020 (base 4) to base 2
10010101100111001000
200002330313 (base 4) to base 13
1981934
4303436 (base 9) to base 4
20302312233
3322123111 (base 4) to base 2
11111010011011010101
-8230366 (base 10) to base 12
-290ab3a
Convert 57299 (base 13) to base 14.
41b60
Convert -2205e8 (base 15) to base 6.
-54430115
What is 10195301 (base 10) in base 12?
34b8085
Convert -14055455 (base 6) to base 4.
-1303302323
-eca556 (base 15) to base 9
-23182550
Convert -100110000110011001 (base 2) to base 5.
-14443212
-11023211 (base 4) to base 14
-7a3b
What is -360534 (base 8) in base 3?
-20021001000
What is -100010101100010100010 (base 2) in base 3?
-2010202101210
What is 44312340 (base 5) in base 2?
1011110000101000001
What is -100012021010112 (base 3) in base 6?
-252423022
Convert 18a303 (base 13) to base 15.
c4591
3044031 (base 8) to base 10
804889
What is -318072 (base 9) in base 6?
-4021445
What is -110102001000 (base 3) in base 4?
-323220102
1220011011 (base 3) to base 13
13c87
Convert -3ebea (base 15) to base 3.
-101020211211
Convert -111230301 (base 4) to base 13.
-315c0
What is -12133333311 (base 4) in base 16?
-19fff5
What is -a32e3 (base 15) in base 5?
-113021123
What is 4086194 (base 10) in base 15?
55aace
Convert -231260 (base 7) to base 5.
-2310200
234122343 (base 5) to base 9
2030344
Convert -2005322 (base 7) to base 13.
-83c54
What is 786358 (base 10) in base 9?
1427611
-12386 (base 16) to base 9
-123332
What is 2623739 (base 10) in base 9?
4838075
What is 2ae69 (base 15) in base 9?
230570
What is 15b392 (base 15) in base 3?
1222100221002
What is -10354133 (base 6) in base 13?
-ab534
What is -1107302 (base 9) in base 4?
-2101131332
-210100020020 (base 3) to base 13
-119283
What is -13146633 (base 8) in base 6?
-142533335
Convert 56622 (base 11) to base 4.
110000111
Convert -332213333 (base 4) to base 8.
-764777
Convert -15451123 (base 6) to base 14.
-104b7d
-10111201022020 (base 3) to base 4
-13013021103
What is 100111010011001001011 (base 2) in base 7?
13642250
What is 27711722 (base 8) in base 15?
83ade2
What is 2200001332 (base 5) in base 15?
628e47
Convert 1729b4 (base 13) to base 9.
1068784
Convert 124161006 (base 7) to base 3.
112220002000210
What is -12020212212222 (base 3) in base 8?
-12516415
What is 56634 (base 15) in base 7?
2223043
200002001302 (base 4) to base 9
16717354
What is -104222a (base 14) in base 11?
-4381a48
Convert -c6c5 (base 15) to base 8.
-122063
-324a8 (base 12) to base 15
-149e8
Convert 300111 (base 4) to base 5.
44333
-20160 (base 8) to base 9
-12346
What is 11a800 (base 14) in base 8?
2236100
Convert 1000101110111101100000 (base 2) to base 9.
4268543
Convert -22220232 (base 9) to base 3.
-202020200021002
What is 2251007 (base 11) in base 7?
45326126
Convert -20242130 (base 5) to base 4.
-220112222
What is c6396 (base 13) in base 10?
356544
What is 5d072 (base 14) in base 15?
477a2
What is -121212120210 (base 3) in base 11?
-207589
Convert 23213311 (base 4) to base 2.
1011100111110101
What is -3312102 (base 7) in base 10?
-406506
What is 3e549a (base 15) in base 14?
583083
What is -139115 (base 11) in base 4?
-311000002
24058a9 (base 12) to base 9
14113843
Convert 223011310 (base 4) to base 10.
176500
Convert -1082614 (base 9) to base 7.
-4660060
-3335034 (base 6) to base 15
-34ce1
What is -5117031 (base 8) in base 13?
-38402c
Convert -13664228 (base 10) to base 4.
-310013333210
Convert 154015041 (base 6) to base 5.
1314041241
What is -1199772 (base 10) in base 12?
-49a390
-eeec80 (base 15) to base 12
-3993586
-21012003011 (base 4) to base 9
-4433285
-100102022210 (base 3) to base 5
-21413103
Convert -1022100021021 (base 3) to base 15.
-db1c7
Convert 33a45 (base 13) to base 4.
112331011
-111001010001011111 (base 2) to base 12
-b3913
-182d49 (base 14) to base 5
-204301003
-1612a6 (base 15) to base 13
-2b4931
Convert 1223103013 (base 4) to base 11.
280221
-174485 (base 10) to base 12
-84b85
What is 211110222112 (base 3) in base 13?
126539
-c44b2 (base 15) to base 11
-395406
b7736a (base 14) to base 9
12606425
What is 333311333 (base 4) in base 6?
5334355
Convert 4862778 (base 12) to base 11.
7a36189
What is -15241321 (base 6) in base 2?
-10000010011100010001
Convert -1112330 (base 7) to base 3.
-20222220102
Convert 2770142 (base 8) to base 13.
2151a3
What is 233404002 (base 5) in base 15?
163a02
Convert 114407 (base 9) to base 14.
1b145
What is -341212241 (base 5) in base 6?
-52145432
What is 2212111100 (base 3) in base 6?
1113313
What is 567557 (base 10) in base 5?
121130212
What is -110101111000110010101 (base 2) in base 13?
-49a954
3014264 (base 7) to base 10
356864
Convert 1cd1b (base 14) to base 11.
50598
Convert -10579 (base 11) to base 7.
-62462
234924 (base 10) to base 9
387226
Convert -305706 (base 8) to base 14.
-28cd0